{"id":203,"date":"2017-05-25T00:13:36","date_gmt":"2017-05-24T22:13:36","guid":{"rendered":"http:\/\/shop.ihbt.info\/?post_type=product&#038;p=203"},"modified":"2023-11-02T13:58:43","modified_gmt":"2023-11-02T11:58:43","slug":"hair-polish-100ml","status":"publish","type":"product","link":"http:\/\/shop.ihbt.info\/?product=hair-polish-100ml","title":{"rendered":"HAIR POLISH 100ml"},"content":{"rendered":"<p>Hairpolish ist ein gl\u00e4nzender Abschluss f\u00fcr modernes Haarstyling. Es gibt dem Haar Glanz und Elastizit\u00e4t. Mit eingebautem UV \u2013 Schutz. Polish ist leicht auswaschbar und gibt dem Haar einen Mega Glanz<\/p>\n<p>Anwendung:<\/p>\n<p>Eine kleine Menge in der Hand verteilen und an der gew\u00fcnschten Stelle auftragen.<\/p>\n","protected":false},"excerpt":{"rendered":"<p>Hairpolish ist ein gl\u00e4nzender Abschluss f\u00fcr modernes Haarstyling. Es gibt dem Haar Glanz und Elastizit\u00e4t. Mit eingebautem UV \u2013 Schutz. Polish ist leicht auswaschbar und gibt dem Haar einen Mega Glanz<\/p>\n","protected":false},"featured_media":217,"comment_status":"closed","ping_status":"closed","template":"","meta":[],"product_brand":[],"product_cat":[29],"product_tag":[],"class_list":{"0":"post-203","1":"product","2":"type-product","3":"status-publish","4":"has-post-thumbnail","6":"product_cat-styling","8":"first","9":"instock","10":"taxable","11":"shipping-taxable","12":"purchasable","13":"product-type-simple"},"_links":{"self":[{"href":"http:\/\/shop.ihbt.info\/index.php?rest_route=\/wp\/v2\/product\/203","targetHints":{"allow":["GET"]}}],"collection":[{"href":"http:\/\/shop.ihbt.info\/index.php?rest_route=\/wp\/v2\/product"}],"about":[{"href":"http:\/\/shop.ihbt.info\/index.php?rest_route=\/wp\/v2\/types\/product"}],"replies":[{"embeddable":true,"href":"http:\/\/shop.ihbt.info\/index.php?rest_route=%2Fwp%2Fv2%2Fcomments&post=203"}],"wp:featuredmedia":[{"embeddable":true,"href":"http:\/\/shop.ihbt.info\/index.php?rest_route=\/wp\/v2\/media\/217"}],"wp:attachment":[{"href":"http:\/\/shop.ihbt.info\/index.php?rest_route=%2Fwp%2Fv2%2Fmedia&parent=203"}],"wp:term":[{"taxonomy":"product_brand","embeddable":true,"href":"http:\/\/shop.ihbt.info\/index.php?rest_route=%2Fwp%2Fv2%2Fproduct_brand&post=203"},{"taxonomy":"product_cat","embeddable":true,"href":"http:\/\/shop.ihbt.info\/index.php?rest_route=%2Fwp%2Fv2%2Fproduct_cat&post=203"},{"taxonomy":"product_tag","embeddable":true,"href":"http:\/\/shop.ihbt.info\/index.php?rest_route=%2Fwp%2Fv2%2Fproduct_tag&post=203"}],"curies":[{"name":"wp","href":"https:\/\/api.w.org\/{rel}","templated":true}]}}