{"id":186,"date":"2017-05-24T16:46:22","date_gmt":"2017-05-24T14:46:22","guid":{"rendered":"http:\/\/shop.ihbt.info\/?post_type=product&#038;p=186"},"modified":"2023-11-02T14:07:33","modified_gmt":"2023-11-02T12:07:33","slug":"colorcare-tape-conditionierer-200ml","status":"publish","type":"product","link":"http:\/\/shop.ihbt.info\/?product=colorcare-tape-conditionierer-200ml","title":{"rendered":"COLOR CARE TAPE CONDITIONER 200ml"},"content":{"rendered":"<p>Dieser Conditionierer erh\u00e4lt eine hochwirksame Kombination aus verschiedenen Pflegestoffen. Diese bewirken einen Strukturausgleich bei gef\u00e4rbtem oder pflegebed\u00fcrftigem Haar. Die eigearbeiteten Keratinperlchen versorgen das Haar zus\u00e4tzlich mit Feuchtigkeit und Spannkraft.<\/p>\n<p>Anwendung:<\/p>\n<p>In L\u00e4ngen und spitzen einarbeiten, 5 \u2013 10 Minuten einwirken lassen und gr\u00fcndlich aussp\u00fclen.<\/p>\n","protected":false},"excerpt":{"rendered":"<p>Dieser Conditionierer erh\u00e4lt eine hochwirksame Kombination aus verschiedenen Pflegestoffen. Diese bewirken einen Strukturausgleich bei gef\u00e4rbtem oder pflegebed\u00fcrftigem Haar.<\/p>\n","protected":false},"featured_media":222,"comment_status":"closed","ping_status":"closed","template":"","meta":[],"product_brand":[],"product_cat":[28],"product_tag":[],"class_list":{"0":"post-186","1":"product","2":"type-product","3":"status-publish","4":"has-post-thumbnail","6":"product_cat-conditioning","8":"first","9":"instock","10":"taxable","11":"shipping-taxable","12":"purchasable","13":"product-type-simple"},"_links":{"self":[{"href":"http:\/\/shop.ihbt.info\/index.php?rest_route=\/wp\/v2\/product\/186","targetHints":{"allow":["GET"]}}],"collection":[{"href":"http:\/\/shop.ihbt.info\/index.php?rest_route=\/wp\/v2\/product"}],"about":[{"href":"http:\/\/shop.ihbt.info\/index.php?rest_route=\/wp\/v2\/types\/product"}],"replies":[{"embeddable":true,"href":"http:\/\/shop.ihbt.info\/index.php?rest_route=%2Fwp%2Fv2%2Fcomments&post=186"}],"wp:featuredmedia":[{"embeddable":true,"href":"http:\/\/shop.ihbt.info\/index.php?rest_route=\/wp\/v2\/media\/222"}],"wp:attachment":[{"href":"http:\/\/shop.ihbt.info\/index.php?rest_route=%2Fwp%2Fv2%2Fmedia&parent=186"}],"wp:term":[{"taxonomy":"product_brand","embeddable":true,"href":"http:\/\/shop.ihbt.info\/index.php?rest_route=%2Fwp%2Fv2%2Fproduct_brand&post=186"},{"taxonomy":"product_cat","embeddable":true,"href":"http:\/\/shop.ihbt.info\/index.php?rest_route=%2Fwp%2Fv2%2Fproduct_cat&post=186"},{"taxonomy":"product_tag","embeddable":true,"href":"http:\/\/shop.ihbt.info\/index.php?rest_route=%2Fwp%2Fv2%2Fproduct_tag&post=186"}],"curies":[{"name":"wp","href":"https:\/\/api.w.org\/{rel}","templated":true}]}}