{"id":31,"date":"2012-10-26T22:15:26","date_gmt":"2012-10-26T22:15:26","guid":{"rendered":""},"modified":"2015-07-08T17:08:34","modified_gmt":"2015-07-08T16:08:34","slug":"impressum","status":"publish","type":"page","link":"http:\/\/shop.ihbt.info\/?page_id=31","title":{"rendered":"Impressum"},"content":{"rendered":"<p>I. H. B. T. International Hairlines Beauty Team,<br \/>\nInhaber Kurt Kettenring<br \/>\nHauptstr. 51<br \/>\n67714 Waldfischbach-Burgalben<br \/>\nTel: 06333-5005<br \/>\nFax: 06333-4520<br \/>\nE-Mail: info@ihbt.de<br \/>\nRegistergericht: Amtsgericht Zweibrucken, Register-Nr. HRB31143<br \/>\nUmsatzsteuer-Identifikationsnummer gem. \u00a7 27 a UstG: DE15006634<\/p>\n<p><strong>Haftung f\u00fcr Inhalte<\/strong><br \/>\nMit gr\u00f6\u00dfter Sorgfalt wurden die Inhalte der Seite ihbt.de erstellt. Es kann jedoch keine Gew\u00e4hr f\u00fcr die Richtigkeit, Vollst\u00e4ndigkeit und Aktualit\u00e4t der Inhalte \u00fcbernommen werden. Gem\u00e4\u00df \u00a7 7 Abs.1 TMG sind wir als Diensteanbieter f\u00fcr eigene Inhalte nach den Gesetzen verantwortlich. Nach \u00a7\u00a7 8 bis 10 TMG sind wir jedoch nicht verpflichtet als Diensteanbieter, fremde Informationen (\u00fcbermittelte oder gespeicherte) zu \u00fcberpr\u00fcfen oder nach Umst\u00e4nden zu \u00fcberwachen, die auf rechtswidrige T\u00e4tigkeiten hinweisen. Die Verpflichtung zur Entfernung von Informationen nach den allgemeinen Gesetzen bleibt hiervon jedoch unber\u00fchrt. Diese Haftung ist jedoch erst ab dem Zeitpunkt der Kenntnis einer konkreten Rechtsverletzung m\u00f6glich. Sollten entsprechende Rechtsverletzungen auftreten werden wir diese umgehen nach Bekanntwerden entfernen.<\/p>\n<p><strong>Haftung f\u00fcr Links<\/strong><br \/>\nUnser Webangebot enth\u00e4lt externe Links zu Webseiten Dritter. Auf diese Inhalte haben wir keinen Einfluss und k\u00f6nnen f\u00fcr diese fremden Inhalte auch keine Gew\u00e4hr \u00fcbernehmen. Die Inhalte der verlinkten Seiten unterliegen stets der Verantwortung der jeweilige Anbieter oder Betreiber der Seiten. Zum Zeitpunkt der Verlinkung wurden die externen Seiten auf m\u00f6gliche Rechtsverst\u00f6\u00dfe \u00fcberpr\u00fcft. Es waren zu diesem Zeitpunkt der Verlinkung nichalte erkennbar. Eine permanente inhaltliche Kontrolle der verlinkten Seiten ist jedoch ohne konkrete Anhaltspunkte einer Rechtsverletzung nicht zumutbar. Sollten Rechtsverletzungen bekanntwerden, werden wir derartige Links umgehend entfernt.<\/p>\n<p><strong>Urheberrecht<\/strong><br \/>\nDie erstellten Inhalte und Werke auf diesen Seiten unterliegen dem deutschen Urheberrecht. Vervielf\u00e4ltigung, Bearbeitung, Verbreitung und jede Art der Verwertung au\u00dferhalb der Grenzen des Urheberrechtes bed\u00fcrfen der schriftlichen Zustimmung des jeweiligen Autors bzw. Erstellers. Downloads und Kopien dieser Seite sind nur f\u00fcr den privaten, nicht kommerziellen Gebrauch gestattet. Sollten die Inhalte auf dieser Seite nicht vom Betreiber erstellt worden sein, werden die Urheberrechte Dritter beachtet. Insbesondere werden Inhalte Dritter als solche gekennzeichnet. Wenn Sie trotzdem eine Urheberrechtsverletzung erkannt haben, bitten wir Sie um einen entsprechenden Hinweis. Derartige Inhalte werden bei Bekanntwerden umgehend entfernen.<\/p>\n<p><strong>Datenschutz<\/strong><br \/>\nDie Nutzung dieser Webseite ist in der Regel ohne Angabe personenbezogener Daten m\u00f6glich. Sollten auf unseren Seiten personenbezogene Daten (beispielsweise Name, Anschrift oder eMail-Adressen) erhoben werden, erfolgt dies, soweit m\u00f6glich, stets auf freiwilliger Basis. Ohne Ihre ausdr\u00fcckliche Zustimmung werden diese Daten nicht an Dritte weitergegeben. Wir weisen darauf hin, dass die Daten\u00fcbertragung im Internet (z.B. bei der Kommunikation per E-Mail) Sicherheitsl\u00fccken aufweisen kann. Ein l\u00fcckenloser Schutz der Daten vor dem Zugriff durch Dritte ist nicht m\u00f6glich. Der Nutzung von im Rahmen der Impressumspflicht ver\u00f6ffentlichten Kontaktdaten durch Dritte zur \u00dcbersendung von nicht ausdr\u00fccklich angeforderter Werbung und Informationsmaterialien wird hiermit ausdr\u00fccklich widersprochen. Die Betreiber der Seiten behalten sich ausdr\u00fccklich rechtliche Schritte im Falle der unverlangten Zusendung von Werbeinformationen, etwa durch Spam-Mails, vor.<\/p>\n","protected":false},"excerpt":{"rendered":"<p>I. H. B. T. International Hairlines Beauty Team, Inhaber Kurt Kettenring Hauptstr. 51 67714 Waldfischbach-Burgalben Tel: 06333-5005 Fax: 06333-4520 E-Mail: info@ihbt.de Registergericht: Amtsgericht Zweibrucken, Register-Nr. HRB31143 Umsatzsteuer-Identifikationsnummer gem. \u00a7 27 a UstG: DE15006634 Haftung f\u00fcr Inhalte Mit gr\u00f6\u00dfter Sorgfalt wurden die Inhalte der Seite ihbt.de erstellt. Es kann jedoch keine Gew\u00e4hr f\u00fcr die Richtigkeit, Vollst\u00e4ndigkeit [&hellip;]<\/p>\n","protected":false},"author":1,"featured_media":0,"parent":0,"menu_order":0,"comment_status":"closed","ping_status":"closed","template":"","meta":{"footnotes":""},"class_list":["post-31","page","type-page","status-publish","hentry"],"_links":{"self":[{"href":"http:\/\/shop.ihbt.info\/index.php?rest_route=\/wp\/v2\/pages\/31","targetHints":{"allow":["GET"]}}],"collection":[{"href":"http:\/\/shop.ihbt.info\/index.php?rest_route=\/wp\/v2\/pages"}],"about":[{"href":"http:\/\/shop.ihbt.info\/index.php?rest_route=\/wp\/v2\/types\/page"}],"author":[{"embeddable":true,"href":"http:\/\/shop.ihbt.info\/index.php?rest_route=\/wp\/v2\/users\/1"}],"replies":[{"embeddable":true,"href":"http:\/\/shop.ihbt.info\/index.php?rest_route=%2Fwp%2Fv2%2Fcomments&post=31"}],"version-history":[{"count":3,"href":"http:\/\/shop.ihbt.info\/index.php?rest_route=\/wp\/v2\/pages\/31\/revisions"}],"predecessor-version":[{"id":138,"href":"http:\/\/shop.ihbt.info\/index.php?rest_route=\/wp\/v2\/pages\/31\/revisions\/138"}],"wp:attachment":[{"href":"http:\/\/shop.ihbt.info\/index.php?rest_route=%2Fwp%2Fv2%2Fmedia&parent=31"}],"curies":[{"name":"wp","href":"https:\/\/api.w.org\/{rel}","templated":true}]}}